at are the prime factors of 45320?
2, 5, 11, 103
What are the prime factors of 1844785?
5, 368957
What are the prime factors of 929354?
2, 139, 3343
List the prime factors of 3689088.
2, 3, 13, 739
List the prime factors of 9581492.
2, 2395373
What are the prime factors of 467713?
467713
List the prime factors of 3161997.
3, 103, 379
List the prime factors of 595027.
67, 83, 107
List the prime factors of 6609096.
2, 3, 13, 23, 307
What are the prime factors of 3093?
3, 1031
List the prime factors of 69366.
2, 3, 11, 1051
What are the prime factors of 3060842?
2, 107, 14303
What are the prime factors of 1116478?
2, 11, 19, 2671
List the prime factors of 446488.
2, 7, 17, 67
List the prime factors of 661221.
3, 11, 6679
List the prime factors of 3434029.
53, 64793
What are the prime factors of 1299154?
2, 649577
What are the prime factors of 2207275?
5, 7, 12613
What are the prime factors of 1522534?
2, 13, 31, 1889
What are the prime factors of 637415?
5, 17, 7499
List the prime factors of 2867582.
2, 317, 4523
List the prime factors of 6990139.
13, 537703
What are the prime factors of 12040249?
13, 29, 109, 293
List the prime factors of 740963.
599, 1237
List the prime factors of 8556.
2, 3, 23, 31
List the prime factors of 351363.
3, 173, 677
What are the prime factors of 595096?
2, 73, 1019
What are the prime factors of 1816514?
2, 7, 19, 6829
List the prime factors of 68196.
2, 3, 5683
List the prime factors of 2727406.
2, 11, 123973
List the prime factors of 6986859.
3, 11, 211723
List the prime factors of 780373.
11, 61, 1163
What are the prime factors of 1921614?
2, 3, 320269
What are the prime factors of 8368669?
8368669
What are the prime factors of 15204852?
2, 3, 13, 53, 613
What are the prime factors of 18327?
3, 41, 149
What are the prime factors of 3199813?
3199813
List the prime factors of 528326.
2, 17, 41, 379
What are the prime factors of 3597043?
3597043
List the prime factors of 1652809.
71, 23279
What are the prime factors of 17216683?
11, 1565153
List the prime factors of 2551835.
5, 11, 13, 43, 83
List the prime factors of 5403949.
5403949
What are the prime factors of 2690603?
37, 72719
What are the prime factors of 442168?
2, 19, 2909
What are the prime factors of 2402175?
3, 5, 32029
What are the prime factors of 670626?
2, 3, 11, 1129
List the prime factors of 352292.
2, 29, 3037
List the prime factors of 7621677.
3, 7, 311, 389
What are the prime factors of 8682401?
7, 13, 73, 1307
List the prime factors of 2293595.
5, 458719
What are the prime factors of 5249221?
23, 241, 947
List the prime factors of 21020589.
3, 859, 2719
What are the prime factors of 3602625?
3, 5, 13, 739
List the prime factors of 748543.
19, 39397
List the prime factors of 7158490.
2, 5, 715849
What are the prime factors of 757389?
3, 252463
List the prime factors of 22016.
2, 43
What are the prime factors of 19849042?
2, 9924521
What are the prime factors of 331963?
29, 11447
List the prime factors of 420375.
3, 5, 19, 59
List the prime factors of 5884465.
5, 17, 107, 647
List the prime factors of 5980685.
5, 17, 71, 991
List the prime factors of 1501340.
2, 5, 271, 277
List the prime factors of 3097511.
79, 39209
What are the prime factors of 18689989?
18689989
List the prime factors of 65103.
3, 21701
What are the prime factors of 714914?
2, 37, 9661
List the prime factors of 589041.
3, 65449
List the prime factors of 9576263.
9576263
What are the prime factors of 17668396?
2, 4417099
What are the prime factors of 9910790?
2, 5, 991079
What are the prime factors of 32657002?
2, 7, 2332643
What are the prime factors of 832402?
2, 416201
What are the prime factors of 3318488?
2, 31, 13381
What are the prime factors of 4851862?
2, 43, 56417
List the prime factors of 7912970.
2, 5, 13, 60869
What are the prime factors of 966600?
2, 3, 5, 179
List the prime factors of 196660.
2, 5, 9833
List the prime factors of 12104304.
2, 3, 252173
List the prime factors of 273766.
2, 136883
What are the prime factors of 641482?
2, 320741
List the prime factors of 4092459.
3, 7, 23, 37, 229
What are the prime factors of 83810?
2, 5, 17, 29
List the prime factors of 446589.
3, 11, 13, 347
List the prime factors of 722855.
5, 7, 19, 1087
What are the prime factors of 11680941?
3, 23, 41, 4129
List the prime factors of 4989814.
2, 137, 18211
What are the prime factors of 177378?
2, 3, 17, 37, 47
List the prime factors of 1569201.
3, 163, 3209
List the prime factors of 55844.
2, 23, 607
What are the prime factors of 155718?
2, 3, 41, 211
List the prime factors of 1399862.
2, 699931
What are the prime factors of 427707?
3, 7, 31, 73
List the prime factors of 5481706.
2, 2740853
List the prime factors of 17256698.
2, 8628349
List the prime factors of 8412874.
2, 1109, 3793
List the prime factors of 2607765.
3, 5, 173851
List the prime factors of 11620540.
2, 5, 479, 1213
What are the prime factors of 32766616?
2, 17, 197, 1223
What are the prime factors of 1852094?
2, 907, 1021
List the prime factors of 8061416.
2, 11, 101, 907
List the prime factors of 1230448.
2, 53, 1451
What are the prime factors of 74492?
2, 11, 1693
List the prime factors of 8312577.
3, 7, 13, 30449
List the prime factors of 455316.
2, 3, 19, 1997
What are the prime factors of 12055294?
2, 6027647
What are the prime factors of 3570861?
3, 7, 97, 1753
List the prime factors of 1138620.
2, 3, 5, 7, 2711
List the prime factors of 21820826.
2, 17, 641789
List the prime factors of 230409.
3, 25601
What are the prime factors of 1261513?
11, 73, 1571
List the prime factors of 1542776.
2, 192847
List the prime factors of 813577.
813577
What are the prime factors of 1055331?
3, 117259
What are the prime factors of 564266?
2, 307, 919
What are the prime factors of 108759?
3, 7, 5179
List the prime factors of 110371.
19, 37, 157
What are the prime factors of 421643?
421643
List the prime factors of 391518.
2, 3, 21751
What are the prime factors of 2142069?
3, 31, 743
List the prime factors of 8458319.
23, 31, 11863
List the prime factors of 783843.
3, 261281
List the prime factors of 276774.
2, 3, 163, 283
List the prime factors of 1525875.
3, 5, 13, 313
What are the prime factors of 102440?
2, 5, 13, 197
List the prime factors of 2641657.
2641657
List the prime factors of 17570606.
2, 8785303
List the prime factors of 9963449.
9963449
What are the prime factors of 4466553?
3, 7, 13, 16361
List the prime factors of 6081945.
3, 5, 139, 2917
What are the prime factors of 5564328?
2, 3, 7, 11, 3011
What are the prime factors of 189883?
317, 599
What are the prime factors of 271865?
5, 11, 4943
List the prime factors of 7321699.
7, 11, 95087
What are the prime factors of 1104484?
2, 419, 659
List the prime factors of 25819804.
2, 17, 379703
What are the prime factors of 14904963?
3, 1656107
What are the prime factors of 4235583?
3, 11, 128351
What are the prime factors of 156274?
2, 78137
List the prime factors of 41220424.
2, 7, 19, 2039
What are the prime factors of 6910350?
2, 3, 5, 23, 2003
What are the prime factors of 1856117?
173, 10729
What are the prime factors of 33750249?
3, 13, 229, 3779
List the prime factors of 477448.
2, 37, 1613
What are the prime factors of 31540?
2, 5, 19, 83
List the prime factors of 50930.
2, 5, 11, 463
List the prime factors of 3788256.
2, 3, 39461
List the prime factors of 7298438.
2, 7, 521317
List the prime factors of 20101401.
3, 2233489
List the prime factors of 7745991.
3, 11, 234727
List the prime factors of 130669.
7, 11, 1697
What are the prime factors of 20099498?
2, 10049749
List the prime factors of 17699279.
13, 19, 131, 547
List the prime factors of 1954570.
2, 5, 195457
List the prime factors of 687646.
2, 343823
What are the prime factors of 1995589?
19, 105031
What are the prime factors of 647154?
2, 3, 157, 229
List the prime factors of 13181.
7, 269
List the prime factors of 5430756.
2, 3, 47, 9629
What are the prime factors of 6497321?
31, 6761
What are the prime factors of 66486?
2, 3, 7, 1583
List the prime factors of 10020285.
3, 5, 11, 31, 653
What are the prime factors of 9752102?
2, 4876051
List the prime factors of 2553923.
19, 134417
List the prime factors of 2635124.
2, 31, 79, 269
What are the prime factors of 389531?
389531
List the pr